e of b**6/120 - b**5/12 + b**4/24 - 3*b**3/2 + b**2 - 44*b - 72. Let r(n) be the second derivative of q(n). Give r(5).
-4
Let d(c) be the second derivative of 1/30*c**5 + 9*c - 5/2*c**3 + 0 + 0*c**2 - 7/24*c**4 + 1/360*c**6. Let t(s) be the second derivative of d(s). Give t(-5).
-2
Let f = 1 + 4. Let g = -1472 - -1473. Let n(p) = 8*p - 4*p + 0*p + 0*p**3 - p**3 - g + 4 + 4*p**2. Calculate n(f).
-2
Let p be ((-30)/30)/((-1)/41). Let v(j) = -21*j - 23*j + p*j - 5 - 1. Calculate v(-3).
3
Let n be ((-1341)/45 - 2/10)/(-2). Let o(y) = -4*y**3 - 16 - 12*y - 5*y**3 + 8*y**3 + 0 + n*y**2. Give o(14).
12
Let t be (-6 - 51/(-6))*(-4)/(-5). Let v(i) = 5 + 4*i**t + 10*i**3 - 6 - i**2 - i**2. What is v(-1)?
-9
Suppose 0 = -237*g + 236*g + 20. Suppose g*c - 11 = -91. Let o(r) = -17*r + 14. Let n(k) = -6*k + 5. Let h(z) = 11*n(z) - 4*o(z). What is h(c)?
-9
Suppose 2*z = z + 3, -3*o - 4*z = -63. Suppose 7 + 44 = -o*t. Let f(g) = -8*g + 1. What is f(t)?
25
Let v(j) be the second derivative of 0 + 0*j**2 - 1/360*j**6 + 26*j - 25/6*j**3 + 0*j**5 - 2/3*j**4. Let a(s) be the second derivative of v(s). What is a(0)?
-16
Let g = 369 + -286. Let h = g + -80. Let y(l) = -2*l - 4. What is y(h)?
-10
Let l(w) be the third derivative of w**4/24 + w**3/3 + 398*w**2. Suppose t - 1 - 9 = 0. Give l(t).
12
Suppose -14*a + 126 = -8*a. Suppose 2*v = 37 - a. Let h(y) = y**3 - 9*y**2 + 8*y - 5. Determine h(v).
-5
Let b(a) = -48 + 17*a + 106 - 46 + a**3 - 18 - 25 - 17*a**2. Give b(16).
-15
Let d(f) = f**3 + 11*f**2 - 20*f - 27. Suppose 5*k + 330 - 276 = -j, 5*k - j + 66 = 0. Give d(k).
69
Let y(c) be the second derivative of 5*c**3/6 + c**2/2 + 33*c. Suppose -5*o = 20, -5*q - 4*o + 9 = -5*o. Determine y(q).
6
Let j be 12/420*8/(192/14). Let v(u) be the third derivative of -j*u**5 + 22*u**2 + 1/2*u**3 + 0 + 5/24*u**4 + 0*u. Determine v(5).
3
Let h(u) = 2*u**3 - 10*u**2 - 16*u + 11. Let n(c) = 8*c**3 - 41*c**2 - 74*c + 46. Let p(f) = 9*h(f) - 2*n(f). Calculate p(3).
1
Suppose 0 = -5*u + u + 24. Let l be 5*((0 - 1) + u - 6). Let q(d) = -d**2 - 2*d + 2. What is q(l)?
-13
Suppose -g - g = 3*r - 2, 0 = -5*g - 3*r - 4. Let t(j) = 3*j - 6. Let d(y) = 8*y - 14. Let v(x) = -2*d(x) + 5*t(x). Calculate v(g).
0
Suppose 483*f - 488*f = -n - 4, 0 = f - 5*n + 52. Let m(w) = 2 + 4*w**2 - 6*w - w**3 + 3*w - w**2. Give m(f).
-7
Let y = -118 - -167. Let b = y - 46. Let s(g) = -379*g + 186*g + 5 - g**b + 12*g**2 + 0 + 182*g. Calculate s(11).
5
Let v(a) = 3*a**2. Let b be v(1). Let o(h) = -2*h**2 - 16*h**3 - 8*h**3 + 0*h**2 + 8 - 7*h + 25*h**3. Let i be o(b). Let f(q) = q**2 + 3*q + 3. Calculate f(i).
7
Let w(y) = -4*y**2 + 3*y + 4. Suppose -547 = 2*v - 4*m - 519, 5*m = -5*v + 20. Determine w(v).
-18
Let a(h) = h**2 - h. Let r(l) = -10*l**2 - 11*l - 1. Let k(q) = 6*a(q) + r(q). Let d be k(-4). Let f(t) = t. Determine f(d).
3
Let l = 10 - 16. Let n(a) = -5*a**3 - 9*a**2 + 3*a + 14. Let p(v) = -9*v**3 - 17*v**2 + 5*v + 25. Let j(x) = -7*n(x) + 4*p(x). Give j(l).
44
Suppose 0*d = -4*d + 792. Suppose d*z = 194*z + 4. Let u(p) = 7*p**3 - 2*p**2 + 2*p - 1. Calculate u(z).
6
Let w(l) = -l**2 - 280*l + 5993. Let y be w(20). Let o(d) = 3*d - 25. Calculate o(y).
-46
Let s(z) = -21*z**3 + 9*z**2 - z - 3. Let l(p) = -85*p**3 + 40*p**2 - 4*p - 13. Let t be -2 - 2/(-4)*(2 - 2). Let n(x) = t*l(x) + 9*s(x). Give n(-1).
20
Let j(f) = f**3 - 9*f**2 + 29*f - 40. Let g be j(5). Let o(u) = -5*u**2 + 2*u - 4. Let b(x) = 11*x**2 - 3*x + 9. Let s(m) = 4*b(m) + 9*o(m). Calculate s(g).
5
Let z(v) = -v**2 - 3*v + 5. Let s be ((-10)/16)/(1/(-8)). Suppose s*q = 3*t + 25 + 10, 3*t + q + 11 = 0. Calculate z(t).
-5
Suppose 1388*b = 1335*b + 212. Let x(f) be the second derivative of -f**4/12 + f**3/2 + 4*f**2 - f. Calculate x(b).
4
Let y(n) = -n**2 + 15 - 10 - 7. Let q(a) = -a**3 + 19*a**2 - 80*a + 15. Let d be q(6). Calculate y(d).
-11
Let r be (-17)/17 + 0/(-2) + -8. Let a(m) = -2*m**3 - 20*m**2 - 21*m + 11. Let u(j) = j**3 + 10*j**2 + 10*j - 5. Let g(f) = 2*a(f) + 5*u(f). What is g(r)?
6
Let t = 5 - 10. Let g be 1/((-55)/(-10) + -5). Let u(d) = d**g - 137 - 2*d**2 - 6*d + 133. What is u(t)?
1
Let k(f) = -68 + 4*f**2 + 29*f + 39*f - 3*f**2 - 105*f + 17*f. Give k(-3).
1
Suppose -f - 18 = -2*c, -c - 12*f + 19 = -15*f. Suppose 5*g + 4*k = -35, g - 2*g - c = 5*k. Let v(b) = -b**3 - 7*b**2 + b - 2. Give v(g).
-9
Let k(h) = -22 + 1040*h**2 - 520*h**2 - 522*h**2 + 7*h. Determine k(5).
-37
Let c(m) be the first derivative of 2*m**2 - 5/3*m**3 - 1/4*m**4 + 5*m + 1. Suppose -3*p - 309*i + 306*i - 21 = 0, 5*p - 2*i + 21 = 0. Determine c(p).
-15
Let i be 2/(1/((-884)/(-8))). Let w = -218 + i. Let u(r) = 2*r**3 - 2*r**2 - 2*r. Determine u(w).
30
Let p(c) = -7*c**2 + 1. Let m = -23 + 31. Suppose -2 = -2*v + m. Suppose -9*t + 4 = -v. Give p(t).
-6
Let g(z) = z**3 - 15*z**2 + 2*z - 20. Let l(d) = -d**2 + 12*d - 20. Suppose -28*m = 2 - 198. Let t be l(m). Give g(t).
10
Let h(b) = -20*b + 1 + 18*b - 5 - 6. Let g(f) = f + 9. Let j(v) = -2*g(v) - 3*h(v). Determine j(-6).
-12
Let r(c) be the third derivative of 0 + 1/3*c**3 - 1/12*c**4 + 117*c**2 + 0*c. What is r(2)?
-2
Let y(d) = -d**3 + 8*d**2 - 8*d + 9. Let v be y(7). Suppose 0 = -5*z - 5, -3*z + 8 = -v*x + z. Let b(i) = 19*i - i**2 - 1 + 4*i - 30*i. Determine b(x).
5
Let d(r) = -10*r + 17. Let o be (1 + -2)*-10 + (-32)/(-32). Calculate d(o).
-93
Let c(r) = -r**3 + 8*r**2 + 13*r - 38. Let k be 176*3/48 + -1*2. Determine c(k).
-2
Suppose -5*i - x - 6 + 51 = 0, -42 = -4*i - 2*x. Suppose 1296*u - i = 1300*u. Let d(q) = q**3 - 2*q. Determine d(u).
-4
Let w(i) = i + 110. Let g(o) = 5*o + 568. Let x(j) = 6*g(j) - 31*w(j). Suppose -5*r - 8 = -r, b + 4*r + 9 = 0. Give x(b).
-1
Suppose -4*v - k = -6, 5*k + 2 = -8. Let x(i) = 2*i**2 - 2 + 4*i + 0*i**2 - 2*i**3 - 5*i**2 + 0. What is x(v)?
-22
Let x(s) = 21 - 789*s - 802*s + 1599*s. Determine x(-4).
-11
Let n be (14/(-6) + 2)*3. Let m be (1/2)/(n/16). Let h(j) = -82*j + 23. Let o(a) = -5*a + 2. Let p(v) = -h(v) + 16*o(v). What is p(m)?
-7
Let z(x) = 84198 - 36*x - 252823 + 84217 + 84089. Give z(-8).
-31
Let j = -8823 + 8811. Let r(a) = a**3 + 12*a**2 + 2*a - 11. Calculate r(j).
-35
Let x be 6/7 + (-270)/70. Let m(n) = 14*n - 7. Give m(x).
-49
Let r(o) = -o**2 + 2. Let k(w) = -3*w**2 - 13*w + 21. Let p(q) = -k(q) + 4*r(q). Let u(v) = 9*v**2 + v + 1. Let g be u(-1). Suppose -6*n - 27 = -g*n. Give p(n).
23
Let w(p) = -215*p**2 + 4*p - p**3 + 100*p**2 - 10*p - 6*p + 7 + 125*p**2. Determine w(3).
34
Let f(u) = -8*u + 89. Let z(o) = 7*o - 78. Let x(b) = 6*f(b) + 7*z(b). Let r(n) = n - 23. Let a be r(13). Give x(a).
-22
Let t(u) = -2*u**2 + 17*u - 2. Let w = -1785 + 1794. Give t(w).
-11
Let k be (-1*(-312)/65)/(3/(-10)). Let p(w) = 13*w + 202. Determine p(k).
-6
Let m(z) = -7*z**2 + 2. Let i(k) = 11*k**2 - 42*k - 14. Let g(d) = i(d) + 2*m(d). Calculate g(-14).
-10
Let i(m) be the first derivative of -m**4/12 - 4*m**3/3 + 5*m**2/2 - 62*m + 29. Let f(q) be the first derivative of i(q). Give f(-8).
5
Let p(z) = 11*z - 1. Let l be p(1). Suppose l*u - 40 = 2*u. Suppose -31 = 6*r + u. Let x(v) = v + 7. Determine x(r).
1
Let s(y) be the first derivative of y**4/4 - 7*y**3/3 + 4*y**2 - 3*y + 2. Let n be 8/(-60) + 1498/(-15). Let j be (n/(-60))/((-5)/(-18)). What is s(j)?
9
Let a(l) = -l**2 + l - 2. Let p be (1 - 2) + (2 - 0). Let q(r) = 3*r**2 + 4*r + 5. Let x(h) = p*q(h) + 5*a(h). Calculate x(6).
-23
Suppose -4*j + 33 = c - 0*c, c + 7 = j. Let m(b) = -b**3 + 7*b**2 + 6*b + 14. Give m(j).
-2
Let p(x) = -1 - 13*x**2 + 15*x**2 - 355*x + 357*x + 0. Let z(v) = v**3 - 8*v**2 + 2. Let r be z(8). Determine p(r).
11
Let z(t) = -4*t - 3 - 53*t**2 - t**3 + 3*t + 57*t**2. Let s be z(3). Suppose 3*d = 5*a - 5, -s*a = a - 4*d + 4. Let n(p) = p**3 - 4*p**2 + p + 4. Give n(a).
8
Let w(h) be the second derivative of h**5/20 - 7*h**4/12 + 5*h**2/2 + 17456*h. Suppose 9 = -u + 4*l, -3*u + 47 - 6 = 5*l. Give w(u).
5
Let p(n) = n**2 + 5*n - 8. Let q be p(-6). Let r be q*(-1 + (-2)/2). Let d(i) = -i**2 + i**2 + 0*i**2 - r*i**2 + i**3 - 1. What is d(4)?
-1
Suppose -88*s = -4*n - 84*s + 44, 0 = 3*n - 2*s - 27. Let a(t) = -t**3 + 7*t**2 - 15*t + 23. Give a(n).
-2
Let z(u) = u**2 + 694*u + 13483. Let t be z(-20). Let b(v) be the third derivative of -7*v**4/24 - 2*v**2. Give b(t).
-21
Suppose 3*m = 